r**3 + 21*r**2 + 14*r - 18. Let x(b) = -10*b**3 - 17*b**2 - 10*b + 17. Let t(v) = -4*a(v) - 5*x(v). Calculate t(-2).
-45
Suppose -3*h - 11 = -2*j, -3*j + 36 = -5*h + 19. Let d(r) = 2*r - 25. Let m be d(14). Let c(y) = 5*y**3 - 1 + y**3 + 2*y**2 - m*y**3. What is c(h)?
-2
Let v(j) = 2*j**2 - 21*j - 8. Let p be v(11). Let b(x) = -6*x**p - 2 + x + 5*x**3 - 2*x - 3*x**2 - x**3. What is b(-2)?
4
Suppose 0 = -6*f - 17 + 23. Let j(x) = -x + 3196*x**2 + x**3 + f - 20 - 3195*x**2. What is j(0)?
-19
Let k(c) = -61*c + 24. Let i(q) = -35*q + 13. Let l(n) = -7*i(n) + 4*k(n). Suppose 0*j = -6*j - 78. Determine l(j).
-8
Let r = -6987 - -7007. Let c(v) = v**2 - 16*v - 71. Calculate c(r).
9
Let h be (-12)/3 + ((-11)/22 - 66/4). Let f(s) = 4*s + 86. Determine f(h).
2
Let o(f) = f + 9. Let u(x) = -x**2 - 8*x + 10. Let k be u(-9). Let t be (12/16)/(k/(-12)). Calculate o(t).
0
Let k = -791 + 792. Let v(z) be the third derivative of 2*z**6/15 - z**3/6 + 8*z**2. Determine v(k).
15
Let t(v) = 5*v**3 + 13*v**2 + 5*v - 29. Let l(a) = -14*a**3 - 36*a**2 - 16*a + 83. Let z(q) = 6*l(q) + 17*t(q). Calculate z(-8).
-99
Let b(l) = l**2 + 6*l + 1. Let a be 4/12*(-4 + -11). Determine b(a).
-4
Let g(c) = c + 6. Let x be 51/6*4 + 2 + 1. Let i be 12/(-8)*8/(-6). Suppose 5*n + x = -4*m, i*n + 5*m = -1 - 24. Give g(n).
1
Let w(n) be the second derivative of -n**4/4 + n**3 - 3*n**2 - 741*n. Calculate w(1).
-3
Suppose -11*o + 8*o - 9*o = 0. Suppose o = 16*a - a. Let r(x) = x**3 - x**2 + x + 18. Calculate r(a).
18
Suppose -9*s - 44*s = -14*s - 468. Let i(x) = x**3 - 12*x**2 + 17*x - 184. Determine i(s).
20
Suppose -q + 10 = -9*l + 2*l, -2*q = 4*l + 52. Let z(t) = -t**3 - 20*t**2 - 36*t. Determine z(q).
0
Let d(a) be the first derivative of a + 19 + 1/3*a**3 + 1/2*a**2. Let b(l) = -2*l**2 + 19*l + 10. Let v be b(10). Give d(v).
1
Let m(g) = 7*g + 1. Suppose -10*u + 6*u = 5*t + 14, -4*t - 8 = 0. Give m(u).
-6
Let q(n) be the second derivative of n**4/4 - 31*n**3/6 - 8*n**2 + 11535*n. Determine q(10).
-26
Suppose -4*t = 3*f + 7 + 4, 3*f - 3*t = -39. Let x(g) = 17*g + 158. Give x(f).
5
Suppose -h + 5*w + 17 = 0, -2 - 8 = -2*h + 2*w. Let c(z) = -z - 4*z + 6*z - h. Suppose -1620*m = -1601*m - 95. Determine c(m).
3
Let n be 1/(-3) + 26/6. Suppose 5*h = i + 4, 0*h + n*h = 0. Let d(l) = -l**2 - 5*l - 4. Calculate d(i).
0
Let z(w) = -10*w - 73. Let m be z(-8). Let j(c) = 44*c**2 - 1 + m - 25*c**2 - 18*c**2 - 4*c. Give j(6).
18
Let w(q) = -542*q + 157 + 1237*q + 215 - 614*q + q**2. What is w(-5)?
-8
Let w(r) = 22*r**3 - 2*r**2 + 1. Let d = 255 + -251. Suppose 0 = -33*g + 37*g - d. Calculate w(g).
21
Let z(w) = w**3 + 15*w**2 + 19*w + 18. Let n = 1566 - 1580. Give z(n).
-52
Let q(a) = -2*a**3 - 8*a**2 + 3*a**3 + 3166*a - 1588*a - 1581*a + 9. Determine q(8).
-15
Let j(a) = -a**3 - 72*a**2 + 224*a - 72. Let n be j(-75). Let r(y) = -19*y + 5. Determine r(n).
-52
Suppose 3*t - 7 = -s, -4*s + 14 = 3*t + 2*t. Let i(v) = -297 - 2*v - 7*v**2 + 298 + t*v**2. Let d = 18 - 17. Calculate i(d).
-6
Let z = -310 + 312. Let y(q) = -24 + 2*q**2 + 14 - q**z + 13 - 12*q. Calculate y(12).
3
Let b be 6 - 18/6*-2. Let m be ((-10)/4)/(6/b). Let f(d) = -d**3 - 5*d**2 + d + 3. Calculate f(m).
-2
Let p(a) = -58*a + 524. Let b be p(9). Let s(j) be the second derivative of -2*j**b + 1/3*j**3 + 0 - 2*j. Give s(4).
4
Let s(t) be the third derivative of -73*t**4/24 + t**3/3 - 10*t**2 - 35. Calculate s(-1).
75
Let r(n) = -737*n + 6596. Let i be r(9). Let p(z) = z**2 + 34*z - 111. What is p(i)?
0
Let q(u) = -196*u - 15. Let o be q(2). Let m = -409 - o. Let d(b) = b**3 - 2*b**2 - 3*b. Calculate d(m).
-10
Let n(w) = 1024*w + 1062*w - 2088*w - 8. Let j(m) = -m**3 + 5*m**2 - 2. Let k be j(5). Give n(k).
-4
Let q(v) = -496*v + 251*v + 251*v. Suppose -2*t - 54 = 5*i, 0 = 2*i - 0*t - t + 18. Let s = i - -12. What is q(s)?
12
Let l(t) = 2*t**3 + 29*t**2 - 16*t + 5. Let w = -3421 - -3406. Determine l(w).
20
Let h(k) = k**3 - 8*k**2 - 2*k + 15. Let u = 706 + -1220. Let a = -506 - u. Determine h(a).
-1
Let l = 5 - 0. Let d(q) = 4*q**3 + 170*q**2 + 25*q + 28. Let f(k) = -k**3 - 49*k**2 - 8*k - 9. Let h(u) = -2*d(u) - 7*f(u). What is h(l)?
-13
Let o(s) = -18*s**2 - 12*s + 9. Let v(a) = 10*a**2 + 7*a - 4. Let f(h) = 4*o(h) + 7*v(h). Give f(-4).
-28
Let f(o) = 3*o - 4. Let v be (-4*4/(-8))/((-9)/(-9)). Suppose 254 = -v*w + 246. Calculate f(w).
-16
Let g(t) be the third derivative of -t**6/120 - 11*t**5/60 - t**4/3 - 7*t**3/6 + t**2 + 1134*t. What is g(-10)?
-27
Suppose 2*s - 4 = -2. Let h(j) = -13 + 1 - 5 - 3*j - 17*j - 1 + 19. Determine h(s).
-19
Let o be -1 + (-1 - -3 - 2) - -4. Let m(f) = -2*f + 5 + 9*f + 1 - o. Give m(-3).
-18
Suppose -2*p + 240 = 46*p. Let b(t) = -2 + 4*t + 32*t**2 - 63*t**2 + 30*t**2. What is b(p)?
-7
Let a(o) be the second derivative of -1/60*o**5 + 15/2*o**2 - 1/24*o**4 - 37*o + 0 + 1/2*o**3. Let q(h) be the first derivative of a(h). Determine q(-3).
-3
Suppose -2*v + 2 = -3*n + 13, 4*n - 20 = 4*v. Let b(x) be the third derivative of 0*x + 0 - 25*x**2 + 0*x**4 - 13/120*x**6 + 0*x**3 + 1/60*x**5. Calculate b(n).
-12
Let b(h) = -h**3 + 25*h**2 - 25*h + 34. Let u be ((-192)/(-20))/((-104)/(-260)). Calculate b(u).
10
Let p(f) = 4*f**2 - 3*f - 3. Suppose -4*j + 4 = 3*b, 0 = 2*j - j - 4*b - 20. Suppose -160 = -4*h + j*w, -4*h + 155 = -w - 4*w. Let t = h + -47. Determine p(t).
19
Let g(m) = 5*m**3 - 88*m**2 + 22*m - 37. Let a(y) = -9*y**3 + 166*y**2 - 45*y + 74. Let b(i) = 6*a(i) + 11*g(i). What is b(-29)?
8
Suppose -2*r + 4*h + 72 = 30, 2*r - 3*h - 36 = 0. Let a(m) = -m**3 + 7*m**2 + 22*m - 15. Give a(r).
21
Let r(t) be the third derivative of t**6/120 - 11*t**5/15 + 43*t**4/24 + t**3/3 + 87*t**2 + t + 4. Calculate r(43).
2
Let w = -20 - -14. Let l(v) = -4*v**3 - 17*v**2 + 14*v + 6. Let u(y) = 3*y**3 + 13*y**2 - 10*y - 4. Let s(h) = -5*l(h) - 7*u(h). Give s(w).
-2
Let i be ((-20)/(-4) - 7)*(-14)/4. Let n(y) = -12*y + 20. Let s(j) = -11*j + 18. Let r(o) = i*s(o) - 6*n(o). Give r(4).
-14
Let g(s) = -12*s**3 - s**2 + 27*s + 13. Let z(f) = f**3 + 3*f + 2. Let p(m) = -g(m) + 8*z(m). Calculate p(1).
21
Let c(n) = 5*n - 16. Let b(k) = 24*k - 81. Let x(f) = -4*b(f) + 19*c(f). Calculate x(-6).
26
Let y be -2*5/4*(-3 + 1). Let n(a) = 3*a**2 + 4*a**2 - y + a - 8*a**2 + 0*a**2 + 7*a. Calculate n(8).
-5
Let v be 0 - (-6 + -4 + -23). Suppose -3*i = 8*i + v. Let c(x) be the third derivative of -x**6/120 - x**5/15 - x**4/12 - x**3/3 + x**2. Determine c(i).
-5
Let z(m) = -6*m**2 + 16*m + 24. Suppose -5*u + 38*p = 39*p - 20, 2*u - 10*p = 8. Give z(u).
-8
Let l(p) be the first derivative of p**3/3 + p**2/2 - 2*p + 9. Suppose -2 = -5*a + 73. Suppose -4*m + 3 = a. Determine l(m).
4
Suppose 12*v - 13*v - 4*w = 27, -8*w = v + 51. Let s(i) = 1 + 3*i + 1 + 2*i. What is s(v)?
-13
Suppose 3*a + 21 = 2*v, 2*v + 0*a - 2*a - 22 = 0. Let f(h) = -v*h - h**2 + 46*h - 13*h - 17*h. Determine f(5).
-5
Suppose 302 = -11*c - 292. Let t be c/36*(-3 - 33/(-9)). Let a(m) = 19*m + 1. Give a(t).
-18
Suppose 0 = -69*p + 80*p + 2288. Let b = 209 + p. Let x(i) = 11*i**3 - 2*i**2 + i. Calculate x(b).
10
Let y(x) = -26*x**2 + 59*x - 19. Let d(i) = 57*i**2 - 116*i + 39. Let b(q) = 4*d(q) + 9*y(q). Determine b(11).
-4
Suppose 37*w + 374 = -736. Let n be (-4)/w - 30/225. Let g(d) = d + 2*d**3 + 3*d**2 - 4*d**2 - d**3 - 9. What is g(n)?
-9
Let x(z) = -97*z**3 - 15*z**2 + 25*z + 63. Let i(m) = 16*m**3 - m - 3. Let h(f) = 6*i(f) + x(f). Determine h(-16).
-3
Let d(g) = 5*g + 2. Let i(s) = 13*s**2 + 6*s - 8. Let n be i(1). Let k(z) = 3*z + 1. Let b be (-6)/(-5)*5/(-1). Let v(o) = b*d(o) + n*k(o). Determine v(-3).
-10
Suppose 2*q - 38 = -2*v, -326*q = -324*q + v - 35. Let f(l) = -6*l + 96. Give f(q).
0
Let f(g) = -100*g**3 - 10*g - 91*g**3 + 8*g + 192*g**3 - 3*g**2. Calculate f(3).
-6
Let v(k) = k - 2. Let s be v(11). Suppose -4*o + o = s. Let x(q) = 136 + 6*q - 3*q - 138. What is x(o)?
-11
Let r(k) = 7*k - 5. Let l(w) = -w + 3. Let g(s) = 7*l(s) + 4*r(s). Let i(j) = -5*j - 183. Let c be i(-37). Give g(c).
43
Let l(q) = 2*q**3 + 2*q**2 - 6. Let i(g) = g**3 + 28*g**2 + 78*g + 73. Let s be i(-25). Give l(s).
-14
Let q(u) = u**3 + 8*u**2 + 6*u - 2. Suppose 7*b = 2*b + 125. Suppose 0 = -5*h - 5*s - b, 3*s + 0 = 12. Let x be 4 - 3*(-33)/h. Calculate q(x).
5
Let o be (7/(-1) - -4)